{"id":331,"date":"2018-08-24T21:08:00","date_gmt":"2018-08-24T19:08:00","guid":{"rendered":"http:\/\/mtrental.eu\/o-nas\/"},"modified":"2018-10-31T16:08:32","modified_gmt":"2018-10-31T15:08:32","slug":"o-nas","status":"publish","type":"page","link":"https:\/\/mtrental.eu\/sk\/o-nas\/","title":{"rendered":"O n\u00e1s"},"content":{"rendered":"<p>Sme men\u0161ia rodinn\u00e1 firma situovan\u00e1 v centre Bratislavy a Viedne. M\u00e1me bohat\u00fa ponuku r\u00f4znych \u00e1ut na pren\u00e1jom: luxusn\u00e9 \u0161portov\u00e9 aut\u00e1 na pren\u00e1jom alebo ekonomick\u00e9 aut\u00e1, aut\u00e1 strednej triedy, rodinn\u00e9 aut\u00e1, SUV \u010di biznis limuz\u00edny. V\u00e4\u010d\u0161inu n\u00e1\u0161ich \u00e1ut s\u00fa zna\u010dky Mercedes. Disponujeme aj Maserati, Lamborghini, Audi \u010di Nissan. K dispoz\u00edci\u00ed m\u00e1me 4 intern\u00fdch \u0161of\u00e9rov, ktor\u00fd klientov odvez\u00fa kam treba. Z\u00e1kazn\u00edkov vyzdvihneme na letisku, v ich hotely alebo kdeko\u013evek v r\u00e1mci EU. Miesto vr\u00e1tenie vozdila m\u00f4\u017ee by\u0165 takisto kdeko\u013evek v EU. Pravideln\u00fdm a nov\u00fdm z\u00e1kazn\u00edkom poskytujeme skvel\u00e9 z\u013eavy.<\/p>\n","protected":false},"excerpt":{"rendered":"<p>Sme men\u0161ia rodinn\u00e1 firma situovan\u00e1 v centre Bratislavy a Viedne. M\u00e1me bohat\u00fa ponuku r\u00f4znych \u00e1ut na pren\u00e1jom: luxusn\u00e9 \u0161portov\u00e9 aut\u00e1 na pren\u00e1jom alebo ekonomick\u00e9 aut\u00e1, aut\u00e1 strednej triedy, rodinn\u00e9 aut\u00e1, SUV \u010di biznis limuz\u00edny. V\u00e4\u010d\u0161inu n\u00e1\u0161ich \u00e1ut s\u00fa zna\u010dky Mercedes. [&hellip;]<\/p>\n","protected":false},"author":1,"featured_media":0,"parent":0,"menu_order":0,"comment_status":"closed","ping_status":"closed","template":"page-about-us.php","meta":{"footnotes":""},"yoast_head":"<!-- This site is optimized with the Yoast SEO plugin v22.4 - https:\/\/yoast.com\/wordpress\/plugins\/seo\/ -->\n<title>O n\u00e1s | MTrental.eu | Pr\u00e9miov\u00e1 autopo\u017ei\u010dov\u0148a<\/title>\n<meta name=\"description\" content=\"Sme mal\u00e1 rodinn\u00e1 splo\u010dnos\u0165 situovan\u00e1 v centre Bratislavy a Viedne. Pon\u00fakame \u0161irok\u00fa \u0161k\u00e1lu kr\u00e1snych a luxusn\u00fdch \u00e1ut na pren\u00e1jom. Prezrite si na\u0161e luxusn\u00e9 vozy\" \/>\n<meta name=\"robots\" content=\"index, follow, max-snippet:-1, max-image-preview:large, max-video-preview:-1\" \/>\n<link rel=\"canonical\" href=\"https:\/\/mtrental.eu\/sk\/o-nas\/\" \/>\n<meta property=\"og:locale\" content=\"sk_SK\" \/>\n<meta property=\"og:type\" content=\"article\" \/>\n<meta property=\"og:title\" content=\"O n\u00e1s | MTrental.eu | Pr\u00e9miov\u00e1 autopo\u017ei\u010dov\u0148a\" \/>\n<meta property=\"og:description\" content=\"Sme mal\u00e1 rodinn\u00e1 splo\u010dnos\u0165 situovan\u00e1 v centre Bratislavy a Viedne. Pon\u00fakame \u0161irok\u00fa \u0161k\u00e1lu kr\u00e1snych a luxusn\u00fdch \u00e1ut na pren\u00e1jom. Prezrite si na\u0161e luxusn\u00e9 vozy\" \/>\n<meta property=\"og:url\" content=\"https:\/\/mtrental.eu\/sk\/o-nas\/\" \/>\n<meta property=\"og:site_name\" content=\"MTrental.eu | Pr\u00e9miov\u00e1 autopo\u017ei\u010dov\u0148a\" \/>\n<meta property=\"article:publisher\" content=\"https:\/\/www.facebook.com\/autoprenajom\/\" \/>\n<meta property=\"article:modified_time\" content=\"2018-10-31T15:08:32+00:00\" \/>\n<meta name=\"twitter:card\" content=\"summary_large_image\" \/>\n<meta name=\"twitter:label1\" content=\"Predpokladan\u00fd \u010das \u010d\u00edtania\" \/>\n\t<meta name=\"twitter:data1\" content=\"1 min\u00fata\" \/>\n<script type=\"application\/ld+json\" class=\"yoast-schema-graph\">{\"@context\":\"https:\/\/schema.org\",\"@graph\":[{\"@type\":\"WebPage\",\"@id\":\"https:\/\/mtrental.eu\/sk\/o-nas\/\",\"url\":\"https:\/\/mtrental.eu\/sk\/o-nas\/\",\"name\":\"O n\u00e1s | MTrental.eu | Pr\u00e9miov\u00e1 autopo\u017ei\u010dov\u0148a\",\"isPartOf\":{\"@id\":\"https:\/\/mtrental.eu\/sk\/#website\"},\"datePublished\":\"2018-08-24T19:08:00+00:00\",\"dateModified\":\"2018-10-31T15:08:32+00:00\",\"description\":\"Sme mal\u00e1 rodinn\u00e1 splo\u010dnos\u0165 situovan\u00e1 v centre Bratislavy a Viedne. Pon\u00fakame \u0161irok\u00fa \u0161k\u00e1lu kr\u00e1snych a luxusn\u00fdch \u00e1ut na pren\u00e1jom. Prezrite si na\u0161e luxusn\u00e9 vozy\",\"breadcrumb\":{\"@id\":\"https:\/\/mtrental.eu\/sk\/o-nas\/#breadcrumb\"},\"inLanguage\":\"sk-SK\",\"potentialAction\":[{\"@type\":\"ReadAction\",\"target\":[\"https:\/\/mtrental.eu\/sk\/o-nas\/\"]}]},{\"@type\":\"BreadcrumbList\",\"@id\":\"https:\/\/mtrental.eu\/sk\/o-nas\/#breadcrumb\",\"itemListElement\":[{\"@type\":\"ListItem\",\"position\":1,\"name\":\"Home\",\"item\":\"https:\/\/mtrental.eu\/sk\/home\/\"},{\"@type\":\"ListItem\",\"position\":2,\"name\":\"O n\u00e1s\"}]},{\"@type\":\"WebSite\",\"@id\":\"https:\/\/mtrental.eu\/sk\/#website\",\"url\":\"https:\/\/mtrental.eu\/sk\/\",\"name\":\"MTrental.eu | Pr\u00e9miov\u00e1 autopo\u017ei\u010dov\u0148a\",\"description\":\"MTrental.eu - Premium car rental\",\"publisher\":{\"@id\":\"https:\/\/mtrental.eu\/sk\/#organization\"},\"potentialAction\":[{\"@type\":\"SearchAction\",\"target\":{\"@type\":\"EntryPoint\",\"urlTemplate\":\"https:\/\/mtrental.eu\/sk\/?s={search_term_string}\"},\"query-input\":\"required name=search_term_string\"}],\"inLanguage\":\"sk-SK\"},{\"@type\":\"Organization\",\"@id\":\"https:\/\/mtrental.eu\/sk\/#organization\",\"name\":\"MTrental.eu | Pr\u00e9miov\u00e1 autopo\u017ei\u010dov\u0148a\",\"url\":\"https:\/\/mtrental.eu\/sk\/\",\"logo\":{\"@type\":\"ImageObject\",\"inLanguage\":\"sk-SK\",\"@id\":\"https:\/\/mtrental.eu\/sk\/#\/schema\/logo\/image\/\",\"url\":\"https:\/\/mtrental.eu\/wp-content\/uploads\/2019\/04\/cropped-IMG_0070.jpg\",\"contentUrl\":\"https:\/\/mtrental.eu\/wp-content\/uploads\/2019\/04\/cropped-IMG_0070.jpg\",\"width\":477,\"height\":250,\"caption\":\"MTrental.eu | Pr\u00e9miov\u00e1 autopo\u017ei\u010dov\u0148a \"},\"image\":{\"@id\":\"https:\/\/mtrental.eu\/sk\/#\/schema\/logo\/image\/\"},\"sameAs\":[\"https:\/\/www.facebook.com\/autoprenajom\/\"]}]}<\/script>\n<!-- \/ Yoast SEO plugin. -->","yoast_head_json":{"title":"O n\u00e1s | MTrental.eu | Pr\u00e9miov\u00e1 autopo\u017ei\u010dov\u0148a","description":"Sme mal\u00e1 rodinn\u00e1 splo\u010dnos\u0165 situovan\u00e1 v centre Bratislavy a Viedne. Pon\u00fakame \u0161irok\u00fa \u0161k\u00e1lu kr\u00e1snych a luxusn\u00fdch \u00e1ut na pren\u00e1jom. Prezrite si na\u0161e luxusn\u00e9 vozy","robots":{"index":"index","follow":"follow","max-snippet":"max-snippet:-1","max-image-preview":"max-image-preview:large","max-video-preview":"max-video-preview:-1"},"canonical":"https:\/\/mtrental.eu\/sk\/o-nas\/","og_locale":"sk_SK","og_type":"article","og_title":"O n\u00e1s | MTrental.eu | Pr\u00e9miov\u00e1 autopo\u017ei\u010dov\u0148a","og_description":"Sme mal\u00e1 rodinn\u00e1 splo\u010dnos\u0165 situovan\u00e1 v centre Bratislavy a Viedne. Pon\u00fakame \u0161irok\u00fa \u0161k\u00e1lu kr\u00e1snych a luxusn\u00fdch \u00e1ut na pren\u00e1jom. Prezrite si na\u0161e luxusn\u00e9 vozy","og_url":"https:\/\/mtrental.eu\/sk\/o-nas\/","og_site_name":"MTrental.eu | Pr\u00e9miov\u00e1 autopo\u017ei\u010dov\u0148a","article_publisher":"https:\/\/www.facebook.com\/autoprenajom\/","article_modified_time":"2018-10-31T15:08:32+00:00","twitter_card":"summary_large_image","twitter_misc":{"Predpokladan\u00fd \u010das \u010d\u00edtania":"1 min\u00fata"},"schema":{"@context":"https:\/\/schema.org","@graph":[{"@type":"WebPage","@id":"https:\/\/mtrental.eu\/sk\/o-nas\/","url":"https:\/\/mtrental.eu\/sk\/o-nas\/","name":"O n\u00e1s | MTrental.eu | Pr\u00e9miov\u00e1 autopo\u017ei\u010dov\u0148a","isPartOf":{"@id":"https:\/\/mtrental.eu\/sk\/#website"},"datePublished":"2018-08-24T19:08:00+00:00","dateModified":"2018-10-31T15:08:32+00:00","description":"Sme mal\u00e1 rodinn\u00e1 splo\u010dnos\u0165 situovan\u00e1 v centre Bratislavy a Viedne. Pon\u00fakame \u0161irok\u00fa \u0161k\u00e1lu kr\u00e1snych a luxusn\u00fdch \u00e1ut na pren\u00e1jom. Prezrite si na\u0161e luxusn\u00e9 vozy","breadcrumb":{"@id":"https:\/\/mtrental.eu\/sk\/o-nas\/#breadcrumb"},"inLanguage":"sk-SK","potentialAction":[{"@type":"ReadAction","target":["https:\/\/mtrental.eu\/sk\/o-nas\/"]}]},{"@type":"BreadcrumbList","@id":"https:\/\/mtrental.eu\/sk\/o-nas\/#breadcrumb","itemListElement":[{"@type":"ListItem","position":1,"name":"Home","item":"https:\/\/mtrental.eu\/sk\/home\/"},{"@type":"ListItem","position":2,"name":"O n\u00e1s"}]},{"@type":"WebSite","@id":"https:\/\/mtrental.eu\/sk\/#website","url":"https:\/\/mtrental.eu\/sk\/","name":"MTrental.eu | Pr\u00e9miov\u00e1 autopo\u017ei\u010dov\u0148a","description":"MTrental.eu - Premium car rental","publisher":{"@id":"https:\/\/mtrental.eu\/sk\/#organization"},"potentialAction":[{"@type":"SearchAction","target":{"@type":"EntryPoint","urlTemplate":"https:\/\/mtrental.eu\/sk\/?s={search_term_string}"},"query-input":"required name=search_term_string"}],"inLanguage":"sk-SK"},{"@type":"Organization","@id":"https:\/\/mtrental.eu\/sk\/#organization","name":"MTrental.eu | Pr\u00e9miov\u00e1 autopo\u017ei\u010dov\u0148a","url":"https:\/\/mtrental.eu\/sk\/","logo":{"@type":"ImageObject","inLanguage":"sk-SK","@id":"https:\/\/mtrental.eu\/sk\/#\/schema\/logo\/image\/","url":"https:\/\/mtrental.eu\/wp-content\/uploads\/2019\/04\/cropped-IMG_0070.jpg","contentUrl":"https:\/\/mtrental.eu\/wp-content\/uploads\/2019\/04\/cropped-IMG_0070.jpg","width":477,"height":250,"caption":"MTrental.eu | Pr\u00e9miov\u00e1 autopo\u017ei\u010dov\u0148a "},"image":{"@id":"https:\/\/mtrental.eu\/sk\/#\/schema\/logo\/image\/"},"sameAs":["https:\/\/www.facebook.com\/autoprenajom\/"]}]}},"_links":{"self":[{"href":"https:\/\/mtrental.eu\/sk\/wp-json\/wp\/v2\/pages\/331"}],"collection":[{"href":"https:\/\/mtrental.eu\/sk\/wp-json\/wp\/v2\/pages"}],"about":[{"href":"https:\/\/mtrental.eu\/sk\/wp-json\/wp\/v2\/types\/page"}],"author":[{"embeddable":true,"href":"https:\/\/mtrental.eu\/sk\/wp-json\/wp\/v2\/users\/1"}],"replies":[{"embeddable":true,"href":"https:\/\/mtrental.eu\/sk\/wp-json\/wp\/v2\/comments?post=331"}],"version-history":[{"count":0,"href":"https:\/\/mtrental.eu\/sk\/wp-json\/wp\/v2\/pages\/331\/revisions"}],"wp:attachment":[{"href":"https:\/\/mtrental.eu\/sk\/wp-json\/wp\/v2\/media?parent=331"}],"curies":[{"name":"wp","href":"https:\/\/api.w.org\/{rel}","templated":true}]}}

O nás

<p>Sme menšia rodinná firma situovaná v centre Bratislavy a Viedne. Máme bohatú ponuku rôznych áut na prenájom: luxusné športové autá na prenájom alebo ekonomické autá, autá strednej triedy, rodinné autá, SUV či biznis limuzíny. Väčšinu nášich áut sú značky Mercedes. Disponujeme aj Maserati, Lamborghini, Audi či Nissan. K dispozícií máme 4 interných šoférov, ktorý klientov odvezú kam treba. Zákazníkov vyzdvihneme na letisku, v ich hotely alebo kdekoľvek v rámci EU. Miesto vrátenie vozdila môže byť takisto kdekoľvek v EU. Pravidelným a novým zákazníkom poskytujeme skvelé zľavy.</p>

<p>Sme menšia rodinná firma situovaná v centre Bratislavy a Viedne. Máme bohatú ponuku rôznych áut na prenájom: luxusné športové autá na prenájom alebo ekonomické autá, autá strednej triedy, rodinné autá, SUV či biznis limuzíny. Väčšinu nášich áut sú značky Mercedes. [&hellip;]</p>

<!-- This site is optimized with the Yoast SEO plugin v22.4 - https://yoast.com/wordpress/plugins/seo/ -->
<title>O nás | MTrental.eu | Prémiová autopožičovňa</title>
<meta name="description" content="Sme malá rodinná spločnosť situovaná v centre Bratislavy a Viedne. Ponúkame širokú škálu krásnych a luxusných áut na prenájom. Prezrite si naše luxusné vozy" />
<meta name="robots" content="index, follow, max-snippet:-1, max-image-preview:large, max-video-preview:-1" />
<link rel="canonical" href="https://mtrental.eu/sk/o-nas/" />
<meta property="og:locale" content="sk_SK" />
<meta property="og:type" content="article" />
<meta property="og:title" content="O nás | MTrental.eu | Prémiová autopožičovňa" />
<meta property="og:description" content="Sme malá rodinná spločnosť situovaná v centre Bratislavy a Viedne. Ponúkame širokú škálu krásnych a luxusných áut na prenájom. Prezrite si naše luxusné vozy" />
<meta property="og:url" content="https://mtrental.eu/sk/o-nas/" />
<meta property="og:site_name" content="MTrental.eu | Prémiová autopožičovňa" />
<meta property="article:publisher" content="https://www.facebook.com/autoprenajom/" />
<meta property="article:modified_time" content="2018-10-31T15:08:32+00:00" />
<meta name="twitter:card" content="summary_large_image" />
<meta name="twitter:label1" content="Predpokladaný čas čítania" />
	<meta name="twitter:data1" content="1 minúta" />
<script type="application/ld+json" class="yoast-schema-graph">{"@context":"https://schema.org","@graph":[{"@type":"WebPage","@id":"https://mtrental.eu/sk/o-nas/","url":"https://mtrental.eu/sk/o-nas/","name":"O nás | MTrental.eu | Prémiová autopožičovňa","isPartOf":{"@id":"https://mtrental.eu/sk/#website"},"datePublished":"2018-08-24T19:08:00+00:00","dateModified":"2018-10-31T15:08:32+00:00","description":"Sme malá rodinná spločnosť situovaná v centre Bratislavy a Viedne. Ponúkame širokú škálu krásnych a luxusných áut na prenájom. Prezrite si naše luxusné vozy","breadcrumb":{"@id":"https://mtrental.eu/sk/o-nas/#breadcrumb"},"inLanguage":"sk-SK","potentialAction":[{"@type":"ReadAction","target":["https://mtrental.eu/sk/o-nas/"]}]},{"@type":"BreadcrumbList","@id":"https://mtrental.eu/sk/o-nas/#breadcrumb","itemListElement":[{"@type":"ListItem","position":1,"name":"Home","item":"https://mtrental.eu/sk/home/"},{"@type":"ListItem","position":2,"name":"O nás"}]},{"@type":"WebSite","@id":"https://mtrental.eu/sk/#website","url":"https://mtrental.eu/sk/","name":"MTrental.eu | Prémiová autopožičovňa","description":"MTrental.eu - Premium car rental","publisher":{"@id":"https://mtrental.eu/sk/#organization"},"potentialAction":[{"@type":"SearchAction","target":{"@type":"EntryPoint","urlTemplate":"https://mtrental.eu/sk/?s={search_term_string}"},"query-input":"required name=search_term_string"}],"inLanguage":"sk-SK"},{"@type":"Organization","@id":"https://mtrental.eu/sk/#organization","name":"MTrental.eu | Prémiová autopožičovňa","url":"https://mtrental.eu/sk/","logo":{"@type":"ImageObject","inLanguage":"sk-SK","@id":"https://mtrental.eu/sk/#/schema/logo/image/","url":"https://mtrental.eu/wp-content/uploads/2019/04/cropped-IMG_0070.jpg","contentUrl":"https://mtrental.eu/wp-content/uploads/2019/04/cropped-IMG_0070.jpg","width":477,"height":250,"caption":"MTrental.eu | Prémiová autopožičovňa "},"image":{"@id":"https://mtrental.eu/sk/#/schema/logo/image/"},"sameAs":["https://www.facebook.com/autoprenajom/"]}]}</script>
<!-- / Yoast SEO plugin. -->

O nás | MTrental.eu | Prémiová autopožičovňa

Sme malá rodinná spločnosť situovaná v centre Bratislavy a Viedne. Ponúkame širokú škálu krásnych a luxusných áut na prenájom. Prezrite si naše luxusné vozy

MTrental.eu | Prémiová autopožičovňa

1 minúta
